{"id":2,"date":"2024-04-08T20:07:30","date_gmt":"2024-04-08T18:07:30","guid":{"rendered":"https:\/\/grupos.csic.edu.uy\/nimee\/?page_id=2"},"modified":"2024-10-05T18:05:51","modified_gmt":"2024-10-05T16:05:51","slug":"que-es-el-nimee","status":"publish","type":"page","link":"https:\/\/grupos.csic.edu.uy\/nimee\/","title":{"rendered":"\u00bfQu\u00e9 es el NIMEE?"},"content":{"rendered":"\n<blockquote class=\"wp-block-quote is-layout-flow wp-block-quote-is-layout-flow\">\n<p class=\"has-base-font-size\"><span style=\"font-weight: 400;\">El <\/span><b>N\u00facleo de Investigaci\u00f3n, Medici\u00f3n y Evaluaci\u00f3n Educativa <\/b><span style=\"font-weight: 400;\">se constituye como un grupo de car\u00e1cter multidisciplinario e interinstitucional con el objetivo de contribuir, a trav\u00e9s de la evaluaci\u00f3n educativa, a la mejora de la calidad de la educaci\u00f3n en todos los niveles.&nbsp;<\/span><\/p>\n\n\n\n<p class=\"has-base-font-size\"><span style=\"font-weight: 400;\">Se crea en 2019, aunque sus integrantes cuentan actividad conjunta previa a su formaci\u00f3n. El primer antecedente de trabajo conjunto se remonta a 2011, cuando la ANEP y la Facultad de Psicolog\u00eda firman un convenio a los efectos que se elaboren los algoritmos adaptativos del Sistema de Evaluaci\u00f3n de Aprendizajes, dando lugar a los primeros trabajos entre Luzardo, Padula y Cardozo.&nbsp;<\/span><\/p>\n\n\n\n<p class=\"has-base-font-size\"><span style=\"font-weight: 400;\">A lo largo de los a\u00f1os se han integrado profesionales de reconocido prestigio y trayectoria en investigaci\u00f3n y evaluaci\u00f3n educativa, as\u00ed como estudiantes de posgrado de diversas disciplinas.&nbsp;<\/span><\/p>\n\n\n\n<p class=\"has-base-font-size\"><span style=\"font-weight: 400;\">A partir de 2023 obtiene financiaci\u00f3n a trav\u00e9s del Programa Grupos I+D de la Comisi\u00f3n Sectorial de Investigaci\u00f3n Cient\u00edfica (CSIC) de la Universidad de la Rep\u00fablica (Udelar).<\/span><\/p>\n<\/blockquote>\n\n\n\n<p><strong>Objetivos<\/strong><\/p>\n\n\n\n<blockquote class=\"wp-block-quote is-style-plain is-layout-flow wp-block-quote-is-layout-flow\">\n<ul class=\"wp-block-list\">\n<li><p style=\"font-size: 16px;\">Desarrollo de metodolog\u00eda para la medici\u00f3n y evaluaci\u00f3n.<\/p><\/li>\n\n\n\n<li><p style=\"font-size: 16px;\">Desarrollo de investigaci\u00f3n evaluativa.<\/p><\/li>\n<\/ul>\n<\/blockquote>\n\n\n\n<p>En la actualidad el NIMEE est\u00e1 desarrollando siete l\u00edneas en las \u00e1rea de medici\u00f3n, evaluaci\u00f3n e investigaci\u00f3n educativas:<\/p>\n\n\n\n<ol class=\"wp-block-list\">\n<li class=\"has-small-font-size\"><strong>Test adaptativos informatizados <\/strong>(TAI) mediante modelos no param\u00e9tricos de teor\u00eda de la respuesta al \u00edtem.<br>Responsable: Mario Luzardo<br>Integrantes: Leonardo Moreno, Dar\u00edo Padula y Cecilia Marconi<\/li>\n\n\n\n<li class=\"has-small-font-size\"><strong>Dise\u00f1o y validaci\u00f3n de instrumentos<\/strong> para la evaluaci\u00f3n de aprendizajes, programas y centros educativos<br>Responsable: Pilar Rodr\u00edguez<br>Integrantes: Anal\u00eda Correa, Valentina Buschiazzo, Luc\u00eda Espa\u00f1a, Juan Soca y Mauricio Castillo<\/li>\n\n\n\n<li class=\"has-small-font-size\"><strong>Modelos longitudinales de crecimiento<\/strong> latentes en matem\u00e1tica y lectura<br>Responsable: Santiago Cardozo<br>Integrantes: Leonardo Moreno, Mario Luzardo, Adri\u00e1n Silveira, Dar\u00edo Padula, Cecilia Marconi, Roberto C\u00e1ceres y Bruno Fonseca<\/li>\n\n\n\n<li class=\"has-small-font-size\"><strong>Dise\u00f1o y desarrollo de sistemas de evaluaci\u00f3n estandarizada<\/strong> diferenciados para distintos actores y tomadores de decisiones en el sistema educativo<br>Responsable: Juan Soca<br>Integrantes: Pilar Rodr\u00edguez, Anal\u00eda Correa, Valentina Buschiazzo y Federico Rodr\u00edguez<\/li>\n\n\n\n<li class=\"has-small-font-size\"><strong>Investigaci\u00f3n metodol\u00f3gica para la evaluaci\u00f3n educativa<\/strong><br>Responsable: Mario Luzardo<br>Integrantes: Leonardo Moreno, Dar\u00edo Padula, Juan Posada, Juan Soca, Mauricio Castillo, Laura Aspirot, Roberto C\u00e1ceres, Pilar Rodr\u00edguez, Hugo Selma.<\/li>\n\n\n\n<li class=\"has-small-font-size\"><strong>Desarrollo de una herramienta para evaluar la calidad <\/strong>de una evaluaci\u00f3n m\u00faltiple opci\u00f3n y para la detecci\u00f3n de posibles pruebas fraudulentas en el \u00e1mbito educativo<br>Responsable: Leonardo Moreno<br>Integrantes: Mario Luzardo, Laura Aspirot, Dar\u00edo Padula, Pilar Rodr\u00edguez, Joaqu\u00edn Viola y Santiago Robaina.<\/li>\n\n\n\n<li class=\"has-small-font-size\"><strong>Desarrollo infantil y riesgo escolar <\/strong>en la ense\u00f1anza primaria y media b\u00e1sica<br>Responsable: Santiago Cardozo<br>Integrantes: Adri\u00e1n Silveira y Bruno Fonseca<\/li>\n<\/ol>\n\n\n\n<hr class=\"wp-block-separator has-alpha-channel-opacity\"\/>\n\n\n\n<div class=\"wp-block-columns is-layout-flex wp-container-core-columns-is-layout-28f84493 wp-block-columns-is-layout-flex\">\n<div class=\"wp-block-column is-layout-flow wp-block-column-is-layout-flow\" style=\"flex-basis:33.33%\">\n<figure class=\"wp-block-image size-full\"><a href=\"https:\/\/www.instagram.com\/nimee_uy\/\"><img loading=\"lazy\" decoding=\"async\" width=\"627\" height=\"557\" src=\"http:\/\/grupos.csic.edu.uy\/nimee\/wp-content\/uploads\/sites\/5\/2024\/04\/Logo-NIMEE-circular.png\" alt=\"\" class=\"wp-image-7\" srcset=\"https:\/\/grupos.csic.edu.uy\/nimee\/wp-content\/uploads\/sites\/5\/2024\/04\/Logo-NIMEE-circular.png 627w, https:\/\/grupos.csic.edu.uy\/nimee\/wp-content\/uploads\/sites\/5\/2024\/04\/Logo-NIMEE-circular-300x267.png 300w\" sizes=\"auto, (max-width: 627px) 100vw, 627px\" \/><\/a><\/figure>\n<\/div>\n\n\n\n<div class=\"wp-block-column is-layout-flow wp-block-column-is-layout-flow\" style=\"flex-basis:66.66%\">\n<h3 class=\"wp-block-heading\">Visit\u00e1 nuestro perfil de Instagram!<\/h3>\n\n\n\n<p>Si quieres estar al tanto de nuestras presentaciones en congresos, los cursos que dictamos y otras actividades del grupo, tambi\u00e9n puedes visitar nuestro perfil de Instagram\u00a0<strong><a href=\"https:\/\/www.instagram.com\/nimee_uy\/\"><mark style=\"background-color:rgba(0, 0, 0, 0)\" class=\"has-inline-color has-primary-color\">@nimee_uy.<\/mark><\/a><\/strong><\/p>\n<\/div>\n<\/div>\n\n\n\n<p><\/p>\n","protected":false},"excerpt":{"rendered":"<p>El N\u00facleo de Investigaci\u00f3n, Medici\u00f3n y Evaluaci\u00f3n Educativa se constituye como un grupo de car\u00e1cter multidisciplinario e interinstitucional con el objetivo de contribuir, a trav\u00e9s de la evaluaci\u00f3n educativa, a la mejora de la calidad de la educaci\u00f3n en todos los niveles.&nbsp; Se crea en 2019, aunque sus integrantes cuentan actividad conjunta previa a su [&hellip;]<\/p>\n","protected":false},"author":13,"featured_media":7,"parent":0,"menu_order":0,"comment_status":"closed","ping_status":"closed","template":"","meta":{"footnotes":""},"class_list":["post-2","page","type-page","status-publish","has-post-thumbnail","hentry"],"_links":{"self":[{"href":"https:\/\/grupos.csic.edu.uy\/nimee\/wp-json\/wp\/v2\/pages\/2","targetHints":{"allow":["GET"]}}],"collection":[{"href":"https:\/\/grupos.csic.edu.uy\/nimee\/wp-json\/wp\/v2\/pages"}],"about":[{"href":"https:\/\/grupos.csic.edu.uy\/nimee\/wp-json\/wp\/v2\/types\/page"}],"author":[{"embeddable":true,"href":"https:\/\/grupos.csic.edu.uy\/nimee\/wp-json\/wp\/v2\/users\/13"}],"replies":[{"embeddable":true,"href":"https:\/\/grupos.csic.edu.uy\/nimee\/wp-json\/wp\/v2\/comments?post=2"}],"version-history":[{"count":6,"href":"https:\/\/grupos.csic.edu.uy\/nimee\/wp-json\/wp\/v2\/pages\/2\/revisions"}],"predecessor-version":[{"id":142,"href":"https:\/\/grupos.csic.edu.uy\/nimee\/wp-json\/wp\/v2\/pages\/2\/revisions\/142"}],"wp:featuredmedia":[{"embeddable":true,"href":"https:\/\/grupos.csic.edu.uy\/nimee\/wp-json\/wp\/v2\/media\/7"}],"wp:attachment":[{"href":"https:\/\/grupos.csic.edu.uy\/nimee\/wp-json\/wp\/v2\/media?parent=2"}],"curies":[{"name":"wp","href":"https:\/\/api.w.org\/{rel}","templated":true}]}}

¿Qué es el NIMEE?

<blockquote class="wp-block-quote is-layout-flow wp-block-quote-is-layout-flow">
<p class="has-base-font-size"><span style="font-weight: 400;">El </span><b>Núcleo de Investigación, Medición y Evaluación Educativa </b><span style="font-weight: 400;">se constituye como un grupo de carácter multidisciplinario e interinstitucional con el objetivo de contribuir, a través de la evaluación educativa, a la mejora de la calidad de la educación en todos los niveles.&nbsp;</span></p>



<p class="has-base-font-size"><span style="font-weight: 400;">Se crea en 2019, aunque sus integrantes cuentan actividad conjunta previa a su formación. El primer antecedente de trabajo conjunto se remonta a 2011, cuando la ANEP y la Facultad de Psicología firman un convenio a los efectos que se elaboren los algoritmos adaptativos del Sistema de Evaluación de Aprendizajes, dando lugar a los primeros trabajos entre Luzardo, Padula y Cardozo.&nbsp;</span></p>



<p class="has-base-font-size"><span style="font-weight: 400;">A lo largo de los años se han integrado profesionales de reconocido prestigio y trayectoria en investigación y evaluación educativa, así como estudiantes de posgrado de diversas disciplinas.&nbsp;</span></p>



<p class="has-base-font-size"><span style="font-weight: 400;">A partir de 2023 obtiene financiación a través del Programa Grupos I+D de la Comisión Sectorial de Investigación Científica (CSIC) de la Universidad de la República (Udelar).</span></p>
</blockquote>



<p><strong>Objetivos</strong></p>



<blockquote class="wp-block-quote is-style-plain is-layout-flow wp-block-quote-is-layout-flow">
<ul class="wp-block-list">
<li><p style="font-size: 16px;">Desarrollo de metodología para la medición y evaluación.</p></li>



<li><p style="font-size: 16px;">Desarrollo de investigación evaluativa.</p></li>
</ul>
</blockquote>



<p>En la actualidad el NIMEE está desarrollando siete líneas en las área de medición, evaluación e investigación educativas:</p>



<ol class="wp-block-list">
<li class="has-small-font-size"><strong>Test adaptativos informatizados </strong>(TAI) mediante modelos no paramétricos de teoría de la respuesta al ítem.<br>Responsable: Mario Luzardo<br>Integrantes: Leonardo Moreno, Darío Padula y Cecilia Marconi</li>



<li class="has-small-font-size"><strong>Diseño y validación de instrumentos</strong> para la evaluación de aprendizajes, programas y centros educativos<br>Responsable: Pilar Rodríguez<br>Integrantes: Analía Correa, Valentina Buschiazzo, Lucía España, Juan Soca y Mauricio Castillo</li>



<li class="has-small-font-size"><strong>Modelos longitudinales de crecimiento</strong> latentes en matemática y lectura<br>Responsable: Santiago Cardozo<br>Integrantes: Leonardo Moreno, Mario Luzardo, Adrián Silveira, Darío Padula, Cecilia Marconi, Roberto Cáceres y Bruno Fonseca</li>



<li class="has-small-font-size"><strong>Diseño y desarrollo de sistemas de evaluación estandarizada</strong> diferenciados para distintos actores y tomadores de decisiones en el sistema educativo<br>Responsable: Juan Soca<br>Integrantes: Pilar Rodríguez, Analía Correa, Valentina Buschiazzo y Federico Rodríguez</li>



<li class="has-small-font-size"><strong>Investigación metodológica para la evaluación educativa</strong><br>Responsable: Mario Luzardo<br>Integrantes: Leonardo Moreno, Darío Padula, Juan Posada, Juan Soca, Mauricio Castillo, Laura Aspirot, Roberto Cáceres, Pilar Rodríguez, Hugo Selma.</li>



<li class="has-small-font-size"><strong>Desarrollo de una herramienta para evaluar la calidad </strong>de una evaluación múltiple opción y para la detección de posibles pruebas fraudulentas en el ámbito educativo<br>Responsable: Leonardo Moreno<br>Integrantes: Mario Luzardo, Laura Aspirot, Darío Padula, Pilar Rodríguez, Joaquín Viola y Santiago Robaina.</li>



<li class="has-small-font-size"><strong>Desarrollo infantil y riesgo escolar </strong>en la enseñanza primaria y media básica<br>Responsable: Santiago Cardozo<br>Integrantes: Adrián Silveira y Bruno Fonseca</li>
</ol>



<hr class="wp-block-separator has-alpha-channel-opacity"/>



<div class="wp-block-columns is-layout-flex wp-container-core-columns-is-layout-28f84493 wp-block-columns-is-layout-flex">
<div class="wp-block-column is-layout-flow wp-block-column-is-layout-flow" style="flex-basis:33.33%">
<figure class="wp-block-image size-full"><a href="https://www.instagram.com/nimee_uy/"><img loading="lazy" decoding="async" width="627" height="557" src="http://grupos.csic.edu.uy/nimee/wp-content/uploads/sites/5/2024/04/Logo-NIMEE-circular.png" alt="" class="wp-image-7" srcset="https://grupos.csic.edu.uy/nimee/wp-content/uploads/sites/5/2024/04/Logo-NIMEE-circular.png 627w, https://grupos.csic.edu.uy/nimee/wp-content/uploads/sites/5/2024/04/Logo-NIMEE-circular-300x267.png 300w" sizes="auto, (max-width: 627px) 100vw, 627px" /></a></figure>
</div>



<div class="wp-block-column is-layout-flow wp-block-column-is-layout-flow" style="flex-basis:66.66%">
<h3 class="wp-block-heading">Visitá nuestro perfil de Instagram!</h3>



<p>Si quieres estar al tanto de nuestras presentaciones en congresos, los cursos que dictamos y otras actividades del grupo, también puedes visitar nuestro perfil de Instagram <strong><a href="https://www.instagram.com/nimee_uy/"><mark style="background-color:rgba(0, 0, 0, 0)" class="has-inline-color has-primary-color">@nimee_uy.</mark></a></strong></p>
</div>
</div>



<p></p>

<p>El Núcleo de Investigación, Medición y Evaluación Educativa se constituye como un grupo de carácter multidisciplinario e interinstitucional con el objetivo de contribuir, a través de la evaluación educativa, a la mejora de la calidad de la educación en todos los niveles.&nbsp; Se crea en 2019, aunque sus integrantes cuentan actividad conjunta previa a su [&hellip;]</p>
