{"id":449,"date":"2024-04-02T03:00:05","date_gmt":"2024-04-02T01:00:05","guid":{"rendered":"https:\/\/grupos.csic.edu.uy\/espacioantarticoudelar\/?page_id=449"},"modified":"2024-04-02T03:00:05","modified_gmt":"2024-04-02T01:00:05","slug":"comision-asesora-cientifica","status":"publish","type":"page","link":"https:\/\/grupos.csic.edu.uy\/espacioantarticoudelar\/comision-asesora-cientifica\/","title":{"rendered":"Comisi\u00f3n Asesora Cient\u00edfica"},"content":{"rendered":"\n<p>\u201cEs un \u00e1mbito de articulaci\u00f3n interinstitucional integrado por las principales instituciones de CyT del pa\u00eds. Asesora, a trav\u00e9s del Consejo Directivo del IAU, al GIMAA respecto a las pol\u00edticas de investigaci\u00f3n a impulsar en la Ant\u00e1rtida, y c\u00f3mo incorporarlas en las pol\u00edticas e iniciativas nacionales de CyT. Constituye a su vez un veh\u00edculo para incorporar la tem\u00e1tica ant\u00e1rtica en las prioridades y planes de trabajo de las instituciones que conforman la Comisi\u00f3n\u201d.<\/p>\n","protected":false},"excerpt":{"rendered":"<p>\u201cEs un \u00e1mbito de articulaci\u00f3n interinstitucional integrado por las principales instituciones de CyT del pa\u00eds. Asesora, a trav\u00e9s del Consejo Directivo del IAU, al GIMAA respecto a las pol\u00edticas de investigaci\u00f3n a impulsar en la Ant\u00e1rtida, y c\u00f3mo incorporarlas en las pol\u00edticas e iniciativas nacionales de CyT. Constituye a su vez un veh\u00edculo para incorporar&hellip;&nbsp;<a href=\"https:\/\/grupos.csic.edu.uy\/espacioantarticoudelar\/comision-asesora-cientifica\/\" rel=\"bookmark\">Leer m\u00e1s &raquo;<span class=\"screen-reader-text\">Comisi\u00f3n Asesora Cient\u00edfica<\/span><\/a><\/p>\n","protected":false},"author":7,"featured_media":133,"parent":0,"menu_order":0,"comment_status":"closed","ping_status":"closed","template":"","meta":{"neve_meta_sidebar":"","neve_meta_container":"","neve_meta_enable_content_width":"","neve_meta_content_width":0,"neve_meta_title_alignment":"","neve_meta_author_avatar":"","neve_post_elements_order":"","neve_meta_disable_header":"","neve_meta_disable_footer":"","neve_meta_disable_title":"","footnotes":""},"class_list":["post-449","page","type-page","status-publish","has-post-thumbnail","hentry"],"_links":{"self":[{"href":"https:\/\/grupos.csic.edu.uy\/espacioantarticoudelar\/wp-json\/wp\/v2\/pages\/449","targetHints":{"allow":["GET"]}}],"collection":[{"href":"https:\/\/grupos.csic.edu.uy\/espacioantarticoudelar\/wp-json\/wp\/v2\/pages"}],"about":[{"href":"https:\/\/grupos.csic.edu.uy\/espacioantarticoudelar\/wp-json\/wp\/v2\/types\/page"}],"author":[{"embeddable":true,"href":"https:\/\/grupos.csic.edu.uy\/espacioantarticoudelar\/wp-json\/wp\/v2\/users\/7"}],"replies":[{"embeddable":true,"href":"https:\/\/grupos.csic.edu.uy\/espacioantarticoudelar\/wp-json\/wp\/v2\/comments?post=449"}],"version-history":[{"count":1,"href":"https:\/\/grupos.csic.edu.uy\/espacioantarticoudelar\/wp-json\/wp\/v2\/pages\/449\/revisions"}],"predecessor-version":[{"id":450,"href":"https:\/\/grupos.csic.edu.uy\/espacioantarticoudelar\/wp-json\/wp\/v2\/pages\/449\/revisions\/450"}],"wp:featuredmedia":[{"embeddable":true,"href":"https:\/\/grupos.csic.edu.uy\/espacioantarticoudelar\/wp-json\/wp\/v2\/media\/133"}],"wp:attachment":[{"href":"https:\/\/grupos.csic.edu.uy\/espacioantarticoudelar\/wp-json\/wp\/v2\/media?parent=449"}],"curies":[{"name":"wp","href":"https:\/\/api.w.org\/{rel}","templated":true}]}}