{"id":442,"date":"2024-04-02T02:55:16","date_gmt":"2024-04-02T00:55:16","guid":{"rendered":"https:\/\/grupos.csic.edu.uy\/espacioantarticoudelar\/?page_id=442"},"modified":"2024-04-02T02:55:16","modified_gmt":"2024-04-02T00:55:16","slug":"gimaa","status":"publish","type":"page","link":"https:\/\/grupos.csic.edu.uy\/espacioantarticoudelar\/gimaa\/","title":{"rendered":"GIMAA"},"content":{"rendered":"\n<p>El <strong>Gabinete Interministerial de Asuntos Ant\u00e1rticos (GIMAA) <\/strong>\u201cEst\u00e1 integrado por los titulares de los Ministerios de Relaciones Exteriores; Defensa Nacional; Ambiente; e Industria, Energ\u00eda y Miner\u00eda (Decreto 60\/018). Es el \u00f3rgano responsable de la direcci\u00f3n estrat\u00e9gica y el establecimiento de los lineamientos pol\u00edticos del PNA\u201d.<\/p>\n","protected":false},"excerpt":{"rendered":"<p>El Gabinete Interministerial de Asuntos Ant\u00e1rticos (GIMAA) \u201cEst\u00e1 integrado por los titulares de los Ministerios de Relaciones Exteriores; Defensa Nacional; Ambiente; e Industria, Energ\u00eda y Miner\u00eda (Decreto 60\/018). Es el \u00f3rgano responsable de la direcci\u00f3n estrat\u00e9gica y el establecimiento de los lineamientos pol\u00edticos del PNA\u201d.<\/p>\n","protected":false},"author":7,"featured_media":121,"parent":0,"menu_order":0,"comment_status":"closed","ping_status":"closed","template":"","meta":{"neve_meta_sidebar":"","neve_meta_container":"","neve_meta_enable_content_width":"","neve_meta_content_width":0,"neve_meta_title_alignment":"","neve_meta_author_avatar":"","neve_post_elements_order":"","neve_meta_disable_header":"","neve_meta_disable_footer":"","neve_meta_disable_title":"","footnotes":""},"class_list":["post-442","page","type-page","status-publish","has-post-thumbnail","hentry"],"_links":{"self":[{"href":"https:\/\/grupos.csic.edu.uy\/espacioantarticoudelar\/wp-json\/wp\/v2\/pages\/442","targetHints":{"allow":["GET"]}}],"collection":[{"href":"https:\/\/grupos.csic.edu.uy\/espacioantarticoudelar\/wp-json\/wp\/v2\/pages"}],"about":[{"href":"https:\/\/grupos.csic.edu.uy\/espacioantarticoudelar\/wp-json\/wp\/v2\/types\/page"}],"author":[{"embeddable":true,"href":"https:\/\/grupos.csic.edu.uy\/espacioantarticoudelar\/wp-json\/wp\/v2\/users\/7"}],"replies":[{"embeddable":true,"href":"https:\/\/grupos.csic.edu.uy\/espacioantarticoudelar\/wp-json\/wp\/v2\/comments?post=442"}],"version-history":[{"count":1,"href":"https:\/\/grupos.csic.edu.uy\/espacioantarticoudelar\/wp-json\/wp\/v2\/pages\/442\/revisions"}],"predecessor-version":[{"id":443,"href":"https:\/\/grupos.csic.edu.uy\/espacioantarticoudelar\/wp-json\/wp\/v2\/pages\/442\/revisions\/443"}],"wp:featuredmedia":[{"embeddable":true,"href":"https:\/\/grupos.csic.edu.uy\/espacioantarticoudelar\/wp-json\/wp\/v2\/media\/121"}],"wp:attachment":[{"href":"https:\/\/grupos.csic.edu.uy\/espacioantarticoudelar\/wp-json\/wp\/v2\/media?parent=442"}],"curies":[{"name":"wp","href":"https:\/\/api.w.org\/{rel}","templated":true}]}}

<p>El <strong>Gabinete Interministerial de Asuntos Antárticos (GIMAA) </strong>“Está integrado por los titulares de los Ministerios de Relaciones Exteriores; Defensa Nacional; Ambiente; e Industria, Energía y Minería (Decreto 60/018). Es el órgano responsable de la dirección estratégica y el establecimiento de los lineamientos políticos del PNA”.</p>

<p>El Gabinete Interministerial de Asuntos Antárticos (GIMAA) “Está integrado por los titulares de los Ministerios de Relaciones Exteriores; Defensa Nacional; Ambiente; e Industria, Energía y Minería (Decreto 60/018). Es el órgano responsable de la dirección estratégica y el establecimiento de los lineamientos políticos del PNA”.</p>
