{"id":341,"date":"2024-03-13T14:32:10","date_gmt":"2024-03-13T13:32:10","guid":{"rendered":"https:\/\/grupos.csic.edu.uy\/espacioantarticoudelar\/?page_id=341"},"modified":"2024-04-02T18:04:47","modified_gmt":"2024-04-02T16:04:47","slug":"area-del-tratado-antartico","status":"publish","type":"page","link":"https:\/\/grupos.csic.edu.uy\/espacioantarticoudelar\/area-del-tratado-antartico\/","title":{"rendered":"\u00c1rea del Tratado Ant\u00e1rtico"},"content":{"rendered":"\n<p>Las actividades desarrolladas por Uruguay en el \u00c1rea del Tratado Ant\u00e1rtico constituyen un componente de la pol\u00edtica exterior del pa\u00eds, apoyado en las capacidades operativas y log\u00edsticas de las Fuerzas Armadas, y las capacidades cient\u00edficas y t\u00e9cnicas de las instituciones de ciencia, tecnolog\u00eda e innovaci\u00f3n del pa\u00eds. El desarrollo de esas actividades y el mantenimiento de infraestructuras del pa\u00eds en el continente constituyen un enorme desaf\u00edo tecnol\u00f3gico y exige los m\u00e1s altos est\u00e1ndares de calidad en t\u00e9rminos ambientales y de seguridad operacional. La participaci\u00f3n de Uruguay en el Sistema del Tratado otorga al pa\u00eds una serie de derechos y responsabilidades, y le ofrece acceso a una serie de oportunidades y recursos potencialmente explotables.<\/p>\n","protected":false},"excerpt":{"rendered":"<p>Las actividades desarrolladas por Uruguay en el \u00c1rea del Tratado Ant\u00e1rtico constituyen un componente de la pol\u00edtica exterior del pa\u00eds, apoyado en las capacidades operativas y log\u00edsticas de las Fuerzas Armadas, y las capacidades cient\u00edficas y t\u00e9cnicas de las instituciones de ciencia, tecnolog\u00eda e innovaci\u00f3n del pa\u00eds. El desarrollo de esas actividades y el mantenimiento&hellip;&nbsp;<a href=\"https:\/\/grupos.csic.edu.uy\/espacioantarticoudelar\/area-del-tratado-antartico\/\" rel=\"bookmark\">Leer m\u00e1s &raquo;<span class=\"screen-reader-text\">\u00c1rea del Tratado Ant\u00e1rtico<\/span><\/a><\/p>\n","protected":false},"author":7,"featured_media":179,"parent":0,"menu_order":0,"comment_status":"closed","ping_status":"closed","template":"","meta":{"neve_meta_sidebar":"","neve_meta_container":"","neve_meta_enable_content_width":"","neve_meta_content_width":0,"neve_meta_title_alignment":"","neve_meta_author_avatar":"","neve_post_elements_order":"","neve_meta_disable_header":"","neve_meta_disable_footer":"","neve_meta_disable_title":"","footnotes":""},"class_list":["post-341","page","type-page","status-publish","has-post-thumbnail","hentry"],"_links":{"self":[{"href":"https:\/\/grupos.csic.edu.uy\/espacioantarticoudelar\/wp-json\/wp\/v2\/pages\/341","targetHints":{"allow":["GET"]}}],"collection":[{"href":"https:\/\/grupos.csic.edu.uy\/espacioantarticoudelar\/wp-json\/wp\/v2\/pages"}],"about":[{"href":"https:\/\/grupos.csic.edu.uy\/espacioantarticoudelar\/wp-json\/wp\/v2\/types\/page"}],"author":[{"embeddable":true,"href":"https:\/\/grupos.csic.edu.uy\/espacioantarticoudelar\/wp-json\/wp\/v2\/users\/7"}],"replies":[{"embeddable":true,"href":"https:\/\/grupos.csic.edu.uy\/espacioantarticoudelar\/wp-json\/wp\/v2\/comments?post=341"}],"version-history":[{"count":2,"href":"https:\/\/grupos.csic.edu.uy\/espacioantarticoudelar\/wp-json\/wp\/v2\/pages\/341\/revisions"}],"predecessor-version":[{"id":460,"href":"https:\/\/grupos.csic.edu.uy\/espacioantarticoudelar\/wp-json\/wp\/v2\/pages\/341\/revisions\/460"}],"wp:featuredmedia":[{"embeddable":true,"href":"https:\/\/grupos.csic.edu.uy\/espacioantarticoudelar\/wp-json\/wp\/v2\/media\/179"}],"wp:attachment":[{"href":"https:\/\/grupos.csic.edu.uy\/espacioantarticoudelar\/wp-json\/wp\/v2\/media?parent=341"}],"curies":[{"name":"wp","href":"https:\/\/api.w.org\/{rel}","templated":true}]}}